 Calculate the remainder when h is divided by s.
9
Let l(o) = o**3 - 5*o**2 - o + 5. Suppose -5*t + 99 = 39. What is the remainder when l(6) is divided by t?
11
Let m = 30 - -231. Suppose 5*d + k - m = -2*k, -2*d + 3*k = -117. What is the remainder when d is divided by 14?
12
Suppose u + 5 = 4*p - 4, 0 = 2*u + 10. Suppose 0 = z - 3*z + 8. Calculate the remainder when ((-6)/z)/((-6)/8) is divided by p.
0
Let f = -1 - -1. Suppose f = 5*v - t - 144, v - 3*t = -v + 68. Let j = 111 + -96. What is the remainder when v is divided by j?
13
Let k = 26 + -22. Suppose -5*a + k*a = -2. What is the remainder when 4 is divided by a?
0
Suppose 2*d = 2 + 22. Calculate the remainder when ((-94)/6)/((-2)/6) is divided by d.
11
Suppose 0*j = 4*j - 72. What is the remainder when 70 is divided by j?
16
Suppose -3*w - 3 + 24 = 0. Let j = -13 - -18. What is the remainder when w is divided by 4 - (3 - j)/(-2)?
1
What is the remainder when 7 is divided by 3 + -1 - (-3)/3?
1
Let i = 36 - -1. Suppose -4*v = 3*h - 19, -4*v - h = -5*h - 12. Suppose v*c - 4 - 48 = 0. What is the remainder when i is divided by c?
11
Suppose -4*s + 280 = -9*s. Suppose 10 = -3*g + 4, 3*r - 4*g - 56 = 0. What is the remainder when r is divided by -2 + s/(-4) + -3?
7
Let u = -10 + 26. Calculate the remainder when ((-30)/7)/(1/(-7)) is divided by u.
14
Let g be 1 + -1 + 6 + 0. Suppose g*h = 5*o + h - 25, -5*o + 3*h = -23. What is the remainder when 15 is divided by o?
3
Let u(t) = 4*t**2 + 0*t**2 + 0*t + 1 + 2*t. Let x = 9 - -31. What is the remainder when x is divided by u(2)?
19
Let j(n) = n**3 - 2*n**2 - 3*n - 2. Let h(m) = m**2 + 2*m - 5. Let s be h(-4). Let v be j(s). What is the remainder when (-159)/(-12) + v/8 is divided by 5?
3
Let i be (5 + -1)/((-2)/(-3)). Suppose 35 = -p + i*p. What is the remainder when 19 is divided by p?
5
Suppose -2*s + 3*s = -3, -3*j - 4*s = 0. Suppose -i - 3*d = -56, j*d - 4 - 104 = -2*i. What is the remainder when i is divided by 13?
11
Let f = 5 + 0. Suppose -c = -3*h + 18, -2*h + f*c = -3*h + 6. What is the remainder when h is divided by 2?
0
Let c be (-1 - 0) + 1*-10. Let p = c - -27. Suppose j + m + 1 = 4, 0 = m + 3. What is the remainder when p is divided by j?
4
Let z = 7 + -31. Suppose 3*u - l = 2*u - 4, -l = 5*u + 26. Let s = u - z. Calculate the remainder when 37 is divided by s.
18
Let j(v) = -v**2 + 6*v - 1. What is the remainder when j(3) is divided by 5?
3
Let v(u) = u**3 - 3*u**2 + 2*u - 4. Let f be v(3). Suppose 3*h + 2*h - 55 = -3*j, 5*h - f*j - 30 = 0. Calculate the remainder when 22 is divided by h.
6
Let c(j) = -3*j - 7. Let w be c(-6). Calculate the remainder when 32 is divided by 1/4*4*w.
10
Let m(d) = d - 11. Calculate the remainder when m(14) is divided by 3.
0
Let v = -84 + 86. Let l(n) = n + 7. Calculate the remainder when v is divided by l(-5).
0
Let x(n) = 8*n + 5*n**2 + 1 - 4*n**2 - 4*n**2 + 2*n**2. What is the remainder when 36 is divided by x(6)?
10
Let m = 10 - 2. Suppose -2*k + r = -84 - 107, -4*k + 387 = -3*r. Suppose 0 = -5*n - 23 + k. What is the remainder when n is divided by m?
6
Suppose -2*k - 3 = -2*v - 11, v - 4 = -k. Suppose 4*w + 5 + 7 = k*m, w = -5*m + 15. Suppose 38 = 4*f - m*f. Calculate the remainder when f is divided by 13.
12
Let y be ((-12)/15)/(2/15). Calculate the remainder when 20 is divided by 2 - 10*3/y.
6
Calculate the remainder when 47 is divided by (-4 - -2)*-11 + -6.
15
Suppose -3 = -q, -2*q = l - 13 + 4. What is the remainder when 69/9 + 4/(-6) is divided by l?
1
Let w = -16 - -27. Calculate the remainder when 40 is divided by w.
7
Suppose -3*d + 14 = -d. What is the remainder when d is divided by ((-19)/38)/((-1)/8)?
3
Suppose w + 24 = -2*w + d, 12 = -4*d. Let r = -2 - w. What is the remainder when (-116)/(-6) - 2/6 is divided by r?
5
Let p = 112 - 75. Suppose -3*a = -12 - 0. Suppose 45 = a*g + 5*r - 7, 0 = -5*g - 2*r + 65. Calculate the remainder when p is divided by g.
11
Let g(s) = s**3 + 4*s**2 + 4*s + 4. Let o be g(-3). Let z be (2/7)/(o/7). Suppose -4*f + 32 = -z*f. What is the remainder when 47 is divided by f?
15
Suppose 0*i + 5*i - 60 = 0. What is the remainder when 33 is divided by i?
9
Let t(i) = -i + 49. What is the remainder when t(0) is divided by 10?
9
Suppose 2*a - 106 = 2*k, -5*a + 4*k = 6*k - 237. Calculate the remainder when a is divided by 25.
24
Let g(n) = -2*n - 15. Let w be (12/(-10))/(4/(-10)). Suppose w*a = -0*a + 75. What is the remainder when a is divided by g(-12)?
7
Let m(y) be the second derivative of y**5/20 + y**4/2 - y**3/6 + y**2/2 + 6*y. Let z = 14 - 10. What is the remainder when m(-6) is divided by z?
3
Let x(b) = -5*b**2 - 4*b + 4. Let p(s) = s**2 + s. Let h(c) = 4*p(c) + x(c). What is the remainder when 11 is divided by h(0)?
3
Let d be ((-9)/6)/((-2)/76). Suppose -d = -2*g + 33. Calculate the remainder when g is divided by 12.
9
Let y(l) = -5*l - 2. Let k = 18 - -9. Calculate the remainder when k is divided by y(-2).
3
Suppose 0 = -3*c + 5*s - 0 - 28, 3*c - 4*s = -23. Let n = 6 - -2. Calculate the remainder when n is divided by -1 + 1 - (c - 2).
2
Let x = -16 + 46. What is the remainder when 58 is divided by x?
28
Let x = -6 - -42. Calculate the remainder when x is divided by 21.
15
Suppose 3*a + 6 = 3*q, 5*a = -5*q + 10 + 20. What is the remainder when a is divided by 2?
0
Let f(d) = 4*d - 6 + 0*d - 3*d. Let u be f(11). Suppose u*v - 75 = -0*v. What is the remainder when 44 is divided by v?
14
Let o(h) = 3*h**2 - h**2 + 2*h - h**3 - h. Calculate the remainder when o(-2) is divided by 8.
6
Let d = 29 - 18. Suppose 9*p - d*p = -52. Calculate the remainder when 77 is divided by p.
25
Let b = 1 + 13. Let k be 131/(-3) + 3/(-9). Let q = k + 70. Calculate the remainder when q is divided by b.
12
Let h be 4/8 - (-3)/(-2). Let c = 1 + 4. What is the remainder when 2 + (h - -8 - 1) is divided by c?
3
Suppose 14 = -4*a - 226. Let b = -35 - a. What is the remainder when 74 is divided by b?
24
Let o(j) = -2*j**2 - 17*j - 2. What is the remainder when o(-7) is divided by 4?
3
Suppose 5*f = -b + 229, 0 = -3*b + 2*b - 1. Calculate the remainder when f is divided by 25.
21
Suppose 3*v - 7*v = -88. Suppose -4 = m, 2*k - 2*m - m = v. Suppose 3*b + 76 = k*b. Calculate the remainder when b is divided by 13.
12
Suppose 7*o - 9*o + 4 = 0. Let l be (-1 - -1)/(-2) - -1. Suppose -7 - l = -2*h. What is the remainder when h is divided by o?
0
Let q(s) = s**3 - 4*s**2 - s - 9. What is the remainder when 39 is divided by q(5)?
6
Let n(y) = -y**2. Let t(i) = 8*i**2 - i - 1. Let p(v) = -2*n(v) + t(v). Suppose 0 = -5*w - 5. What is the remainder when 29 is divided by p(w)?
9
Suppose 5*b + 8*c = 4*c + 149, -3*b = -4*c - 115. Let r be 0 + (-144)/((-6)/2). Suppose 4*p + r = 8*p. What is the remainder when b is divided by p?
9
Suppose -9 = -b + 1. Suppose -76 = -2*d - 2*d. What is the remainder when (3/(3/d))/1 is divided by b?
9
Let a(z) = z**3 + z**2 + 2*z + 147. What is the remainder when a(0) is divided by 25?
22
Let o be 6/(-15) + 4/10. Let u be 4 - o - (-2 + 0). What is the remainder when u/24 - 182/(-8) is divided by 12?
11
Let m(x) be the second derivative of 23*x**4/6 + x**3/2 - x**2 + 3*x. What is the remainder when m(1) is divided by 10?
7
Let w(t) = -2*t + 10. Let s be w(5). Suppose d + 3*z - 14 = s, -29 = -5*d - 2*z + 2. What is the remainder when 17 is divided by d?
2
Let w(r) = 9*r - 12. Calculate the remainder when w(17) is divided by 36.
33
Suppose -6*y - 6*y = -132. Calculate the remainder when 36 is divided by y.
3
Let w(i) = -2*i**3 - 3*i**2 - i. Let q(l) = l**2 - 3*l - 6. Calculate the remainder when w(-2) is divided by q(5).
2
Suppose -89 = -3*j + 4. What is the remainder when j is divided by 8?
7
Let b(j) = 57*j**2 - 5*j. What is the remainder when b(2) is divided by 44?
42
Let y = -267 + 559. What is the remainder when y is divided by 42?
40
Let b be -3 + (8/(-4) - -32). Suppose -f + b = -3*m, -4*f = -5*f + 5*m + 31. Calculate the remainder when 60 is divided by f.
18
Calculate the remainder when -4*(-1)/(8/122) is divided by -7*(-9)/((-9)/(-3)).
19
Suppose -o - 1 = -6. Let f be ((-4)/(-10))/(1/10). Suppose 2*q - 2*r - 12 = 0, -50 = -f*q - 4*r - 10. What is the remainder when q is divided by o?
3
Let p(y) = -4*y - 9. Let o = 66 - 61. Calculate the remainder when p(-7)